[INFO] cloning repository https://github.com/alexjgriffith/landmass
[INFO] running `Command { std: "git" "-c" "credential.helper=" "-c" "credential.helper=/workspace/cargo-home/bin/git-credential-null" "clone" "--bare" "https://github.com/alexjgriffith/landmass" "/workspace/cache/git-repos/https%3A%2F%2Fgithub.com%2Falexjgriffith%2Flandmass", kill_on_drop: false }`
[INFO] [stderr] Cloning into bare repository '/workspace/cache/git-repos/https%3A%2F%2Fgithub.com%2Falexjgriffith%2Flandmass'...
[INFO] running `Command { std: "git" "rev-parse" "HEAD", kill_on_drop: false }`
[INFO] [stdout] edc60bddc03e0f7a1fcfa69002b8853e7c89f215
[INFO] checking alexjgriffith/landmass against try#72f88fc4e9458f89516a0b8b0868f3718aec5b47 for pr-74989
[INFO] running `Command { std: "git" "clone" "/workspace/cache/git-repos/https%3A%2F%2Fgithub.com%2Falexjgriffith%2Flandmass" "/workspace/builds/worker-13/source", kill_on_drop: false }`
[INFO] [stderr] Cloning into '/workspace/builds/worker-13/source'...
[INFO] [stderr] done.
[INFO] validating manifest of git repo https://github.com/alexjgriffith/landmass on toolchain 72f88fc4e9458f89516a0b8b0868f3718aec5b47
[INFO] running `Command { std: "/workspace/cargo-home/bin/cargo" "+72f88fc4e9458f89516a0b8b0868f3718aec5b47" "read-manifest" "--manifest-path" "Cargo.toml", kill_on_drop: false }`
[INFO] started tweaking git repo https://github.com/alexjgriffith/landmass
[INFO] finished tweaking git repo https://github.com/alexjgriffith/landmass
[INFO] tweaked toml for git repo https://github.com/alexjgriffith/landmass written to /workspace/builds/worker-13/source/Cargo.toml
[INFO] crate git repo https://github.com/alexjgriffith/landmass already has a lockfile, it will not be regenerated
[INFO] running `Command { std: "/workspace/cargo-home/bin/cargo" "+72f88fc4e9458f89516a0b8b0868f3718aec5b47" "fetch" "--locked" "--manifest-path" "Cargo.toml", kill_on_drop: false }`
[INFO] [stderr]     Updating crates.io index
[INFO] [stderr]     Updating git repository `https://github.com/alexjgriffith/piston_collada.git`
[INFO] [stderr] error: the lock file /workspace/builds/worker-13/source/Cargo.lock needs to be updated but --locked was passed to prevent this
[INFO] [stderr] If you want to try to generate the lock file without accessing the network, use the --offline flag.
[INFO] the lockfile is outdated, regenerating it
[INFO] running `Command { std: "/workspace/cargo-home/bin/cargo" "+72f88fc4e9458f89516a0b8b0868f3718aec5b47" "generate-lockfile" "--manifest-path" "Cargo.toml" "-Zno-index-update", kill_on_drop: false }`
[INFO] [stderr]     Updating git repository `https://github.com/alexjgriffith/piston_collada.git`
[INFO] running `Command { std: "/workspace/cargo-home/bin/cargo" "+72f88fc4e9458f89516a0b8b0868f3718aec5b47" "fetch" "--locked" "--manifest-path" "Cargo.toml", kill_on_drop: false }`
[INFO] running `Command { std: "docker" "create" "-v" "/var/lib/crater-agent-workspace/builds/worker-13/target:/opt/rustwide/target:rw,Z" "-v" "/var/lib/crater-agent-workspace/builds/worker-13/source:/opt/rustwide/workdir:ro,Z" "-v" "/var/lib/crater-agent-workspace/cargo-home:/opt/rustwide/cargo-home:ro,Z" "-v" "/var/lib/crater-agent-workspace/rustup-home:/opt/rustwide/rustup-home:ro,Z" "-e" "SOURCE_DIR=/opt/rustwide/workdir" "-e" "CARGO_TARGET_DIR=/opt/rustwide/target" "-e" "CARGO_HOME=/opt/rustwide/cargo-home" "-e" "RUSTUP_HOME=/opt/rustwide/rustup-home" "-w" "/opt/rustwide/workdir" "-m" "1610612736" "--user" "0:0" "--network" "none" "rustops/crates-build-env@sha256:d92eaeed33fa75130ca1ee6c8a01d1ffb62bac859dfdfb3450e3e5d1c0146529" "/opt/rustwide/cargo-home/bin/cargo" "+72f88fc4e9458f89516a0b8b0868f3718aec5b47" "metadata" "--no-deps" "--format-version=1", kill_on_drop: false }`
[INFO] [stdout] ad98f31cc6eb3c46ce768da5a802334b8788c227d25a1c7a1e7535d7f4240a54
[INFO] [stderr] WARNING: Your kernel does not support swap limit capabilities or the cgroup is not mounted. Memory limited without swap.
[INFO] running `Command { std: "docker" "start" "-a" "ad98f31cc6eb3c46ce768da5a802334b8788c227d25a1c7a1e7535d7f4240a54", kill_on_drop: false }`
[INFO] running `Command { std: "docker" "inspect" "ad98f31cc6eb3c46ce768da5a802334b8788c227d25a1c7a1e7535d7f4240a54", kill_on_drop: false }`
[INFO] running `Command { std: "docker" "rm" "-f" "ad98f31cc6eb3c46ce768da5a802334b8788c227d25a1c7a1e7535d7f4240a54", kill_on_drop: false }`
[INFO] [stdout] ad98f31cc6eb3c46ce768da5a802334b8788c227d25a1c7a1e7535d7f4240a54
[INFO] running `Command { std: "docker" "create" "-v" "/var/lib/crater-agent-workspace/builds/worker-13/target:/opt/rustwide/target:rw,Z" "-v" "/var/lib/crater-agent-workspace/builds/worker-13/source:/opt/rustwide/workdir:ro,Z" "-v" "/var/lib/crater-agent-workspace/cargo-home:/opt/rustwide/cargo-home:ro,Z" "-v" "/var/lib/crater-agent-workspace/rustup-home:/opt/rustwide/rustup-home:ro,Z" "-e" "SOURCE_DIR=/opt/rustwide/workdir" "-e" "CARGO_TARGET_DIR=/opt/rustwide/target" "-e" "CARGO_INCREMENTAL=0" "-e" "RUST_BACKTRACE=full" "-e" "RUSTFLAGS=--cap-lints=forbid" "-e" "CARGO_HOME=/opt/rustwide/cargo-home" "-e" "RUSTUP_HOME=/opt/rustwide/rustup-home" "-w" "/opt/rustwide/workdir" "-m" "1610612736" "--user" "0:0" "--network" "none" "rustops/crates-build-env@sha256:d92eaeed33fa75130ca1ee6c8a01d1ffb62bac859dfdfb3450e3e5d1c0146529" "/opt/rustwide/cargo-home/bin/cargo" "+72f88fc4e9458f89516a0b8b0868f3718aec5b47" "check" "--frozen" "--all" "--all-targets" "--message-format=json", kill_on_drop: false }`
[INFO] [stdout] b02cf1f4b42ea68485bb502ea5da257a2cf9f9b5b8f848ff55c14640c81117af
[INFO] [stderr] WARNING: Your kernel does not support swap limit capabilities or the cgroup is not mounted. Memory limited without swap.
[INFO] running `Command { std: "docker" "start" "-a" "b02cf1f4b42ea68485bb502ea5da257a2cf9f9b5b8f848ff55c14640c81117af", kill_on_drop: false }`
[INFO] [stderr]    Compiling autocfg v1.0.1
[INFO] [stderr]    Compiling libc v0.2.77
[INFO] [stderr]     Checking cfg-if v0.1.10
[INFO] [stderr]     Checking lazy_static v1.4.0
[INFO] [stderr]    Compiling xml-rs v0.8.3
[INFO] [stderr]    Compiling bitflags v1.2.1
[INFO] [stderr]     Checking scopeguard v1.1.0
[INFO] [stderr]    Compiling unicode-xid v0.1.0
[INFO] [stderr]    Compiling nix v0.14.1
[INFO] [stderr]     Checking slab v0.4.2
[INFO] [stderr]     Checking lazycell v1.3.0
[INFO] [stderr]    Compiling rayon-core v1.8.0
[INFO] [stderr]     Checking same-file v1.0.6
[INFO] [stderr]     Checking lzw v0.10.0
[INFO] [stderr]     Checking color_quant v1.0.1
[INFO] [stderr]     Checking either v1.6.0
[INFO] [stderr]    Compiling getrandom v0.1.15
[INFO] [stderr]     Checking xdg v2.2.0
[INFO] [stderr]     Checking smallvec v1.4.2
[INFO] [stderr]    Compiling crc32fast v1.2.0
[INFO] [stderr]     Checking rand_core v0.4.2
[INFO] [stderr]     Checking scoped_threadpool v0.1.9
[INFO] [stderr]     Checking ppv-lite86 v0.2.9
[INFO] [stderr]     Checking object v0.20.0
[INFO] [stderr]     Checking rustc-demangle v0.1.16
[INFO] [stderr]     Checking fnv v1.0.7
[INFO] [stderr]     Checking approx v0.1.1
[INFO] [stderr]     Checking RustyXML v0.1.1
[INFO] [stderr]     Checking lock_api v0.3.4
[INFO] [stderr]     Checking walkdir v2.3.1
[INFO] [stderr]     Checking gif v0.9.2
[INFO] [stderr]     Checking gif v0.10.3
[INFO] [stderr]    Compiling log v0.4.11
[INFO] [stderr]     Checking libloading v0.6.3
[INFO] [stderr]    Compiling proc-macro2 v0.4.30
[INFO] [stderr]     Checking rand_core v0.3.1
[INFO] [stderr]     Checking quaternion v0.3.1
[INFO] [stderr]     Checking stb_truetype v0.3.1
[INFO] [stderr]     Checking deflate v0.7.20
[INFO] [stderr]     Checking deflate v0.8.6
[INFO] [stderr]     Checking tiff v0.5.0
[INFO] [stderr]     Checking collada v0.6.0 (https://github.com/alexjgriffith/piston_collada.git?branch=triangle-support#c1ff78e1)
[INFO] [stderr]    Compiling num-traits v0.2.12
[INFO] [stderr]    Compiling crossbeam-utils v0.7.2
[INFO] [stderr]    Compiling memoffset v0.5.5
[INFO] [stderr]    Compiling num-integer v0.1.43
[INFO] [stderr]    Compiling crossbeam-epoch v0.8.2
[INFO] [stderr]    Compiling rayon v1.4.0
[INFO] [stderr]    Compiling num-iter v0.1.41
[INFO] [stderr]    Compiling miniz_oxide v0.4.2
[INFO] [stderr]    Compiling num-rational v0.3.0
[INFO] [stderr]     Checking dlib v0.4.2
[INFO] [stderr]    Compiling gl_generator v0.14.0
[INFO] [stderr]     Checking png v0.16.7
[INFO] [stderr]    Compiling quote v0.6.13
[INFO] [stderr]     Checking wayland-sys v0.23.6
[INFO] [stderr]    Compiling wayland-scanner v0.23.6
[INFO] [stderr]     Checking iovec v0.1.4
[INFO] [stderr]     Checking net2 v0.2.35
[INFO] [stderr]     Checking num_cpus v1.13.0
[INFO] [stderr]     Checking x11-dl v2.18.5
[INFO] [stderr]     Checking parking_lot_core v0.7.2
[INFO] [stderr]     Checking memmap v0.7.0
[INFO] [stderr]     Checking raw-window-handle v0.3.3
[INFO] [stderr]     Checking shared_library v0.1.9
[INFO] [stderr]     Checking rand v0.5.6
[INFO] [stderr]     Checking rand v0.4.6
[INFO] [stderr]     Checking crossbeam-channel v0.4.4
[INFO] [stderr]     Checking rand_core v0.5.1
[INFO] [stderr]     Checking parking_lot v0.10.2
[INFO] [stderr]     Checking osmesa-sys v0.1.2
[INFO] [stderr]     Checking mio v0.6.22
[INFO] [stderr]     Checking rand_chacha v0.2.2
[INFO] [stderr]     Checking crossbeam-deque v0.7.3
[INFO] [stderr]     Checking rand v0.7.3
[INFO] [stderr]    Compiling glutin_egl_sys v0.1.5
[INFO] [stderr]    Compiling glutin_glx_sys v0.1.7
[INFO] [stderr]    Compiling glium v0.27.0
[INFO] [stderr]     Checking approx v0.3.2
[INFO] [stderr]     Checking ordered-float v1.1.0
[INFO] [stderr]     Checking line_drawing v0.7.0
[INFO] [stderr]     Checking num-traits v0.1.43
[INFO] [stderr]     Checking enum_primitive v0.1.1
[INFO] [stderr]     Checking cgmath v0.16.1
[INFO] [stderr]     Checking rusttype v0.8.3
[INFO] [stderr]     Checking mio-extras v2.0.6
[INFO] [stderr]     Checking num-rational v0.1.42
[INFO] [stderr]     Checking png v0.11.0
[INFO] [stderr]     Checking rusttype v0.7.9
[INFO] [stderr]     Checking andrew v0.2.1
[INFO] [stderr]    Compiling wayland-client v0.23.6
[INFO] [stderr]    Compiling wayland-protocols v0.23.6
[INFO] [stderr]     Checking backtrace v0.3.50
[INFO] [stderr]     Checking wayland-commons v0.23.6
[INFO] [stderr]     Checking calloop v0.4.4
[INFO] [stderr]     Checking jpeg-decoder v0.1.20
[INFO] [stderr]     Checking image v0.18.0
[INFO] [stderr]     Checking image v0.23.9
[INFO] [stderr]     Checking noise v0.6.0
[INFO] [stderr]     Checking smithay-client-toolkit v0.6.6
[INFO] [stderr]     Checking winit v0.22.2
[INFO] [stderr]     Checking glutin v0.24.1
[INFO] [stderr]     Checking landmass v0.1.0 (/opt/rustwide/workdir)
[INFO] [stdout] error[E0432]: unresolved import `glutin::VirtualKeyCode`
[INFO] [stdout]   --> src/keyboard.rs:59:21
[INFO] [stdout]    |
[INFO] [stdout] 59 |         use glutin::VirtualKeyCode::*;
[INFO] [stdout]    |                     ^^^^^^^^^^^^^^ could not find `VirtualKeyCode` in `glutin`
[INFO] [stdout] 
[INFO] [stdout] 
[INFO] [stdout] error[E0432]: unresolved import `glutin::ElementState`
[INFO] [stdout]   --> src/keyboard.rs:60:21
[INFO] [stdout]    |
[INFO] [stdout] 60 |         use glutin::ElementState::*;
[INFO] [stdout]    |                     ^^^^^^^^^^^^ could not find `ElementState` in `glutin`
[INFO] [stdout] 
[INFO] [stdout] 
[INFO] [stdout] error[E0432]: unresolved import `glutin::VirtualKeyCode`
[INFO] [stdout]   --> src/keyboard.rs:59:21
[INFO] [stdout]    |
[INFO] [stdout] 59 |         use glutin::VirtualKeyCode::*;
[INFO] [stdout]    |                     ^^^^^^^^^^^^^^ could not find `VirtualKeyCode` in `glutin`
[INFO] [stdout] 
[INFO] [stdout] 
[INFO] [stdout] error[E0432]: unresolved import `glutin::ElementState`
[INFO] [stdout]   --> src/keyboard.rs:60:21
[INFO] [stdout]    |
[INFO] [stdout] 60 |         use glutin::ElementState::*;
[INFO] [stdout]    |                     ^^^^^^^^^^^^ could not find `ElementState` in `glutin`
[INFO] [stdout] 
[INFO] [stdout] 
[INFO] [stdout] error[E0433]: failed to resolve: could not find `EventsLoop` in `glutin`
[INFO] [stdout]   --> src/main.rs:28:35
[INFO] [stdout]    |
[INFO] [stdout] 28 |     let mut events_loop = glutin::EventsLoop::new();
[INFO] [stdout]    |                                   ^^^^^^^^^^ could not find `EventsLoop` in `glutin`
[INFO] [stdout] 
[INFO] [stdout] 
[INFO] [stdout] error[E0433]: failed to resolve: could not find `GlWindow` in `glutin`
[INFO] [stdout]   --> src/main.rs:36:26
[INFO] [stdout]    |
[INFO] [stdout] 36 |     let gl_win = glutin::GlWindow::new(window,context,&events_loop).unwrap();
[INFO] [stdout]    |                          ^^^^^^^^ could not find `GlWindow` in `glutin`
[INFO] [stdout] 
[INFO] [stdout] 
[INFO] [stdout] error[E0433]: failed to resolve: could not find `CursorState` in `glutin`
[INFO] [stdout]   --> src/main.rs:37:37
[INFO] [stdout]    |
[INFO] [stdout] 37 |     gl_win.set_cursor_state(glutin::CursorState::Normal).unwrap();    
[INFO] [stdout]    |                                     ^^^^^^^^^^^ could not find `CursorState` in `glutin`
[INFO] [stdout] 
[INFO] [stdout] 
[INFO] [stdout] error[E0433]: failed to resolve: could not find `Event` in `glutin`
[INFO] [stdout]    --> src/main.rs:103:25
[INFO] [stdout]     |
[INFO] [stdout] 103 |                 glutin::Event::WindowEvent { event, .. } => match event {
[INFO] [stdout]     |                         ^^^^^ could not find `Event` in `glutin`
[INFO] [stdout] 
[INFO] [stdout] 
[INFO] [stdout] error[E0433]: failed to resolve: could not find `WindowEvent` in `glutin`
[INFO] [stdout]    --> src/main.rs:104:29
[INFO] [stdout]     |
[INFO] [stdout] 104 |                     glutin::WindowEvent::Closed => closed = true,
[INFO] [stdout]     |                             ^^^^^^^^^^^ could not find `WindowEvent` in `glutin`
[INFO] [stdout] 
[INFO] [stdout] 
[INFO] [stdout] error[E0433]: failed to resolve: could not find `WindowEvent` in `glutin`
[INFO] [stdout]    --> src/main.rs:105:29
[INFO] [stdout]     |
[INFO] [stdout] 105 |                     glutin::WindowEvent::CursorMoved{position,modifiers, ..} =>
[INFO] [stdout]     |                             ^^^^^^^^^^^ could not find `WindowEvent` in `glutin`
[INFO] [stdout] 
[INFO] [stdout] 
[INFO] [stdout] error[E0433]: failed to resolve: could not find `WindowEvent` in `glutin`
[INFO] [stdout]    --> src/main.rs:107:29
[INFO] [stdout]     |
[INFO] [stdout] 107 |                     glutin::WindowEvent::KeyboardInput{input, ..} =>{
[INFO] [stdout]     |                             ^^^^^^^^^^^ could not find `WindowEvent` in `glutin`
[INFO] [stdout] 
[INFO] [stdout] 
[INFO] [stdout] error[E0412]: cannot find type `KeyboardInput` in crate `glutin`
[INFO] [stdout]   --> src/keyboard.rs:58:48
[INFO] [stdout]    |
[INFO] [stdout] 58 |     pub fn key_input (&mut self,input: glutin::KeyboardInput) {    
[INFO] [stdout]    |                                                ^^^^^^^^^^^^^ not found in `glutin`
[INFO] [stdout]    |
[INFO] [stdout] help: consider importing this struct
[INFO] [stdout]    |
[INFO] [stdout] 1  | use glutin::event::KeyboardInput;
[INFO] [stdout]    |
[INFO] [stdout] 
[INFO] [stdout] 
[INFO] [stdout] error[E0433]: failed to resolve: could not find `WindowBuilder` in `glutin`
[INFO] [stdout]   --> src/main.rs:29:26
[INFO] [stdout]    |
[INFO] [stdout] 29 |     let window = glutin::WindowBuilder::new()
[INFO] [stdout]    |                          ^^^^^^^^^^^^^ not found in `glutin`
[INFO] [stdout]    |
[INFO] [stdout] help: consider importing this struct
[INFO] [stdout]    |
[INFO] [stdout] 8  | use glutin::window::WindowBuilder;
[INFO] [stdout]    |
[INFO] [stdout] 
[INFO] [stdout] 
[INFO] [stdout] error[E0412]: cannot find type `ModifiersState` in crate `glutin`
[INFO] [stdout]    --> src/main.rs:121:78
[INFO] [stdout]     |
[INFO] [stdout] 121 | fn mouse_move(_previous: (f64,f64), position: (f64,f64), _modifiers: glutin::ModifiersState) -> (f64,f64){
[INFO] [stdout]     |                                                                              ^^^^^^^^^^^^^^ not found in `glutin`
[INFO] [stdout]     |
[INFO] [stdout] help: consider importing this struct
[INFO] [stdout]     |
[INFO] [stdout] 8   | use glutin::event::ModifiersState;
[INFO] [stdout]     |
[INFO] [stdout] 
[INFO] [stdout] 
[INFO] [stdout] error[E0433]: failed to resolve: could not find `EventsLoop` in `glutin`
[INFO] [stdout]   --> src/main.rs:28:35
[INFO] [stdout]    |
[INFO] [stdout] 28 |     let mut events_loop = glutin::EventsLoop::new();
[INFO] [stdout]    |                                   ^^^^^^^^^^ could not find `EventsLoop` in `glutin`
[INFO] [stdout] 
[INFO] [stdout] 
[INFO] [stdout] error[E0433]: failed to resolve: could not find `GlWindow` in `glutin`
[INFO] [stdout]   --> src/main.rs:36:26
[INFO] [stdout]    |
[INFO] [stdout] 36 |     let gl_win = glutin::GlWindow::new(window,context,&events_loop).unwrap();
[INFO] [stdout]    |                          ^^^^^^^^ could not find `GlWindow` in `glutin`
[INFO] [stdout] 
[INFO] [stdout] 
[INFO] [stdout] error[E0433]: failed to resolve: could not find `CursorState` in `glutin`
[INFO] [stdout]   --> src/main.rs:37:37
[INFO] [stdout]    |
[INFO] [stdout] 37 |     gl_win.set_cursor_state(glutin::CursorState::Normal).unwrap();    
[INFO] [stdout]    |                                     ^^^^^^^^^^^ could not find `CursorState` in `glutin`
[INFO] [stdout] 
[INFO] [stdout] 
[INFO] [stdout] error[E0433]: failed to resolve: could not find `Event` in `glutin`
[INFO] [stdout]    --> src/main.rs:103:25
[INFO] [stdout]     |
[INFO] [stdout] 103 |                 glutin::Event::WindowEvent { event, .. } => match event {
[INFO] [stdout]     |                         ^^^^^ could not find `Event` in `glutin`
[INFO] [stdout] 
[INFO] [stdout] 
[INFO] [stdout] error[E0433]: failed to resolve: could not find `WindowEvent` in `glutin`
[INFO] [stdout]    --> src/main.rs:104:29
[INFO] [stdout]     |
[INFO] [stdout] 104 |                     glutin::WindowEvent::Closed => closed = true,
[INFO] [stdout]     |                             ^^^^^^^^^^^ could not find `WindowEvent` in `glutin`
[INFO] [stdout] 
[INFO] [stdout] 
[INFO] [stdout] error[E0433]: failed to resolve: could not find `WindowEvent` in `glutin`
[INFO] [stdout]    --> src/main.rs:105:29
[INFO] [stdout]     |
[INFO] [stdout] 105 |                     glutin::WindowEvent::CursorMoved{position,modifiers, ..} =>
[INFO] [stdout]     |                             ^^^^^^^^^^^ could not find `WindowEvent` in `glutin`
[INFO] [stdout] 
[INFO] [stdout] 
[INFO] [stdout] error[E0433]: failed to resolve: could not find `WindowEvent` in `glutin`
[INFO] [stdout]    --> src/main.rs:107:29
[INFO] [stdout]     |
[INFO] [stdout] 107 |                     glutin::WindowEvent::KeyboardInput{input, ..} =>{
[INFO] [stdout]     |                             ^^^^^^^^^^^ could not find `WindowEvent` in `glutin`
[INFO] [stdout] 
[INFO] [stdout] 
[INFO] [stdout] error[E0412]: cannot find type `KeyboardInput` in crate `glutin`
[INFO] [stdout]   --> src/keyboard.rs:58:48
[INFO] [stdout]    |
[INFO] [stdout] 58 |     pub fn key_input (&mut self,input: glutin::KeyboardInput) {    
[INFO] [stdout]    |                                                ^^^^^^^^^^^^^ not found in `glutin`
[INFO] [stdout]    |
[INFO] [stdout] help: consider importing this struct
[INFO] [stdout]    |
[INFO] [stdout] 1  | use glutin::event::KeyboardInput;
[INFO] [stdout]    |
[INFO] [stdout] 
[INFO] [stdout] 
[INFO] [stdout] error[E0433]: failed to resolve: could not find `WindowBuilder` in `glutin`
[INFO] [stdout]   --> src/main.rs:29:26
[INFO] [stdout]    |
[INFO] [stdout] 29 |     let window = glutin::WindowBuilder::new()
[INFO] [stdout]    |                          ^^^^^^^^^^^^^ not found in `glutin`
[INFO] [stdout]    |
[INFO] [stdout] help: consider importing this struct
[INFO] [stdout]    |
[INFO] [stdout] 8  | use glutin::window::WindowBuilder;
[INFO] [stdout]    |
[INFO] [stdout] 
[INFO] [stdout] 
[INFO] [stdout] error[E0412]: cannot find type `ModifiersState` in crate `glutin`
[INFO] [stdout]    --> src/main.rs:121:78
[INFO] [stdout]     |
[INFO] [stdout] 121 | fn mouse_move(_previous: (f64,f64), position: (f64,f64), _modifiers: glutin::ModifiersState) -> (f64,f64){
[INFO] [stdout]     |                                                                              ^^^^^^^^^^^^^^ not found in `glutin`
[INFO] [stdout]     |
[INFO] [stdout] help: consider importing this struct
[INFO] [stdout]     |
[INFO] [stdout] 8   | use glutin::event::ModifiersState;
[INFO] [stdout]     |
[INFO] [stdout] 
[INFO] [stdout] 
[INFO] [stdout] error: aborting due to 12 previous errors
[INFO] [stdout] 
[INFO] [stdout] 
[INFO] [stdout] Some errors have detailed explanations: E0412, E0432, E0433.
[INFO] [stdout] 
[INFO] [stdout] For more information about an error, try `rustc --explain E0412`.
[INFO] [stdout] 
[INFO] [stderr] error: could not compile `landmass`.
[INFO] [stderr] 
[INFO] [stderr] To learn more, run the command again with --verbose.
[INFO] [stderr] warning: build failed, waiting for other jobs to finish...
[INFO] [stdout] error: aborting due to 12 previous errors
[INFO] [stdout] 
[INFO] [stdout] 
[INFO] [stdout] Some errors have detailed explanations: E0412, E0432, E0433.
[INFO] [stdout] 
[INFO] [stdout] For more information about an error, try `rustc --explain E0412`.
[INFO] [stdout] 
[INFO] [stderr] error: build failed
[INFO] running `Command { std: "docker" "inspect" "b02cf1f4b42ea68485bb502ea5da257a2cf9f9b5b8f848ff55c14640c81117af", kill_on_drop: false }`
[INFO] running `Command { std: "docker" "rm" "-f" "b02cf1f4b42ea68485bb502ea5da257a2cf9f9b5b8f848ff55c14640c81117af", kill_on_drop: false }`
[INFO] [stdout] b02cf1f4b42ea68485bb502ea5da257a2cf9f9b5b8f848ff55c14640c81117af
